nd 51610.
130
What is the highest common factor of 688278 and 18?
6
Calculate the highest common factor of 1606 and 5402.
146
What is the highest common divisor of 1073 and 625?
1
Calculate the greatest common factor of 31 and 5350507.
31
What is the greatest common factor of 1041433 and 309?
103
Calculate the highest common factor of 248 and 24986.
62
What is the highest common divisor of 1614 and 32549?
269
Calculate the greatest common divisor of 7174 and 113307.
211
Calculate the greatest common factor of 9680 and 340.
20
What is the highest common factor of 32664 and 6?
6
What is the highest common factor of 70 and 7160?
10
What is the greatest common divisor of 2954 and 350?
14
Calculate the highest common factor of 3708 and 418077.
927
Calculate the greatest common divisor of 4998 and 272.
34
What is the highest common divisor of 13584 and 1981?
283
Calculate the highest common divisor of 58784 and 33.
11
What is the greatest common divisor of 83600 and 1400?
200
Calculate the highest common divisor of 500 and 1100875.
125
What is the highest common divisor of 1320 and 3720?
120
What is the highest common divisor of 3082 and 14606?
134
What is the highest common divisor of 20620 and 2260?
20
Calculate the greatest common factor of 3195 and 159615.
45
What is the greatest common divisor of 9849 and 2640939?
1407
Calculate the greatest common divisor of 120584 and 56.
8
What is the highest common factor of 20650693 and 1253?
1253
What is the greatest common factor of 67068 and 216?
108
What is the highest common divisor of 2356070 and 20?
10
Calculate the highest common divisor of 5668 and 19968.
52
What is the highest common divisor of 981 and 13783050?
981
What is the greatest common factor of 255 and 179685?
15
What is the greatest common factor of 49087 and 771?
257
Calculate the highest common factor of 171666 and 6534.
594
Calculate the highest common divisor of 108968 and 24.
8
What is the highest common divisor of 760 and 528?
8
Calculate the greatest common factor of 856 and 152.
8
Calculate the greatest common divisor of 16055 and 1521.
169
Calculate the greatest common divisor of 22310 and 64055.
115
What is the highest common divisor of 2033 and 428?
107
Calculate the greatest common divisor of 54 and 20826.
18
Calculate the highest common divisor of 13 and 2674776.
13
What is the highest common factor of 8142 and 51?
3
What is the greatest common divisor of 1349 and 397245?
71
What is the highest common divisor of 3780 and 67770?
270
Calculate the highest common divisor of 9633778 and 94.
94
Calculate the highest common divisor of 3510 and 11544.
78
What is the greatest common divisor of 430771 and 22?
11
What is the greatest common divisor of 1248 and 108420?
156
What is the highest common divisor of 657 and 3123?
9
What is the highest common factor of 101815 and 315?
35
Calculate the highest common divisor of 2 and 9899.
1
Calculate the highest common divisor of 9020 and 23540.
220
What is the highest common factor of 2835 and 110?
5
What is the highest common factor of 13941 and 81?
9
Calculate the highest common factor of 864 and 2406.
6
Calculate the highest common divisor of 54142 and 536712.
2354
Calculate the greatest common divisor of 126619 and 508.
127
What is the greatest common divisor of 68810 and 30?
10
Calculate the greatest common factor of 49 and 15071.
7
Calculate the greatest common factor of 13761 and 7557.
33
Calculate the highest common factor of 162554 and 476.
238
What is the highest common factor of 38 and 697205?
19
Calculate the greatest common factor of 58194 and 12078.
1098
What is the greatest common divisor of 21903 and 67497?
447
What is the greatest common factor of 10278 and 2034?
18
What is the highest common divisor of 946 and 238084?
22
What is the greatest common divisor of 5822 and 97270?
142
Calculate the highest common factor of 16247 and 616.
77
Calculate the highest common divisor of 317 and 1162122.
317
Calculate the highest common factor of 35 and 51455.
5
What is the greatest common divisor of 26 and 19981?
13
Calculate the highest common factor of 67 and 56012.
67
Calculate the highest common factor of 48026 and 295.
59
What is the greatest common factor of 29 and 7702661?
29
What is the highest common divisor of 160165 and 9019?
311
Calculate the highest common factor of 2001 and 1047.
3
Calculate the highest common factor of 195 and 5785.
65
Calculate the highest common divisor of 105103 and 1037.
61
Calculate the greatest common factor of 982900 and 10.
10
Calculate the highest common factor of 280 and 106120.
280
Calculate the highest common factor of 251108 and 39.
13
What is the greatest common divisor of 90072 and 7228?
556
What is the highest common divisor of 40810 and 6820?
110
What is the highest common divisor of 190578 and 368?
46
Calculate the greatest common factor of 417234 and 18.
6
What is the greatest common factor of 186672 and 96?
48
Calculate the greatest common divisor of 130 and 5280470.
130
Calculate the highest common factor of 154 and 1313521.
11
What is the highest common divisor of 49 and 2877?
7
What is the highest common factor of 19 and 265563?
19
What is the greatest common factor of 539994 and 301?
301
Calculate the highest common factor of 32682 and 2933.
419
What is the greatest common factor of 170 and 40086?
34
What is the highest common divisor of 21 and 17857?
7
What is the greatest common factor of 2691 and 3289?
299
Calculate the highest common divisor of 765 and 2430.
45
What is the highest common factor of 4627 and 19103?
7
What is the greatest common divisor of 1407 and 1322111?
469
What is the highest common factor of 51600 and 30?
30
Calculate the greatest common divisor of 6120 and 225.
45
What is the greatest common factor of 33040 and 280?
280
What is the highest common divisor of 77364 and 252?
252
Calculate the highest common factor of 877 and 5.
1
What is the greatest common factor of 3661 and 175?
7
What is the greatest common factor of 999614 and 770?
154
Calculate the greatest common factor of 13 and 3468179.
13
Calculate the highest common divisor of 3204 and 38270.
178
What is the greatest common factor of 8427 and 12561?
159
Calculate the greatest common divisor of 679536 and 1248.
624
What is the greatest common factor of 951137 and 33?
11
Calculate the highest common divisor of 77160 and 30221.
643
What is the highest common divisor of 234 and 1152774?
18
Calculate the greatest common factor of 2 and 172778.
2
What is the highest common factor of 524 and 454046?
262
Calculate the greatest common factor of 630 and 80577.
63
Calculate the highest common factor of 385450 and 5460.
130
Calculate the highest common factor of 5664 and 427986.
354
Calculate the greatest common divisor of 423 and 444573.
423
Calculate the highest common factor of 4326 and 26838.
42
What is the highest common divisor of 113476 and 616?
44
What is the greatest common factor of 205 and 157835?
5
What is the greatest common factor of 394 and 592773?
197
Calculate the greatest common factor of 659141 and 812.
203
What is the highest common divisor of 16613 and 12469?
37
What is the highest common divisor of 1392 and 170694?
174
What is the greatest common divisor of 217 and 3751?
31
Calculate the greatest common divisor of 22759 and 33.
11
Calculate the highest common factor of 1 and 269.
1
What is the highest common factor of 32895 and 3825?
765
Calculate the greatest common divisor of 1691 and 40964.
19
Calculate the highest common factor of 459987 and 5523.
789
What is the highest common factor of 10 and 100370?
10
Calculate the highest common factor of 1056 and 5736.
24
Calculate the highest common factor of 171175 and 100.
25
What is the greatest common factor of 294 and 5978?
98
Calculate the greatest common divisor of 642 and 426.
6
Calculate the highest common divisor of 35 and 5993855.
35
Calculate the greatest common divisor of 132337 and 236.
59
What is the greatest common factor of 205 and 4223?
41
Calculate the highest common factor of 4 and 2835788.
4
What is the highest common factor of 364057 and 53?
53
What is the highest common factor of 44 and 8756?
44
What is the greatest common factor of 228660 and 2163?
309
Calculate the 